 when 333 is divided by 140.
53
Calculate the remainder when 1504 is divided by 126.
118
What is the remainder when 814 is divided by 24?
22
What is the remainder when 174 is divided by 5?
4
What is the remainder when 179 is divided by 13?
10
What is the remainder when 38 is divided by 9?
2
Calculate the remainder when 1975 is divided by 488.
23
What is the remainder when 4022 is divided by 31?
23
What is the remainder when 284 is divided by 68?
12
What is the remainder when 1054 is divided by 6?
4
Calculate the remainder when 1845 is divided by 13.
12
What is the remainder when 116 is divided by 76?
40
What is the remainder when 872 is divided by 80?
72
What is the remainder when 827 is divided by 27?
17
What is the remainder when 3442 is divided by 433?
411
What is the remainder when 419 is divided by 14?
13
What is the remainder when 1456 is divided by 10?
6
Calculate the remainder when 430 is divided by 31.
27
What is the remainder when 197 is divided by 40?
37
What is the remainder when 266 is divided by 67?
65
What is the remainder when 163 is divided by 22?
9
What is the remainder when 7055 is divided by 52?
35
Calculate the remainder when 248 is divided by 103.
42
What is the remainder when 197 is divided by 15?
2
What is the remainder when 43 is divided by 19?
5
Calculate the remainder when 16823 is divided by 170.
163
Calculate the remainder when 730 is divided by 12.
10
What is the remainder when 33 is divided by 24?
9
Calculate the remainder when 988 is divided by 12.
4
What is the remainder when 689 is divided by 115?
114
Calculate the remainder when 811 is divided by 37.
34
What is the remainder when 17167 is divided by 16?
15
Calculate the remainder when 86 is divided by 62.
24
What is the remainder when 2440 is divided by 11?
9
What is the remainder when 371 is divided by 76?
67
What is the remainder when 869 is divided by 38?
33
What is the remainder when 93 is divided by 16?
13
What is the remainder when 1538 is divided by 70?
68
What is the remainder when 11697 is divided by 13?
10
Calculate the remainder when 3225 is divided by 1072.
9
What is the remainder when 623 is divided by 206?
5
What is the remainder when 39 is divided by 31?
8
What is the remainder when 161 is divided by 80?
1
Calculate the remainder when 2739 is divided by 34.
19
Calculate the remainder when 236 is divided by 31.
19
What is the remainder when 50 is divided by 24?
2
Calculate the remainder when 3158 is divided by 29.
26
Calculate the remainder when 662 is divided by 97.
80
Calculate the remainder when 253 is divided by 13.
6
Calculate the remainder when 6 is divided by 4.
2
Calculate the remainder when 2879 is divided by 32.
31
What is the remainder when 1145 is divided by 105?
95
Calculate the remainder when 701 is divided by 11.
8
Calculate the remainder when 345 is divided by 4.
1
What is the remainder when 396 is divided by 7?
4
Calculate the remainder when 166 is divided by 59.
48
Calculate the remainder when 1361 is divided by 21.
17
What is the remainder when 66 is divided by 37?
29
Calculate the remainder when 69 is divided by 25.
19
What is the remainder when 588 is divided by 35?
28
Calculate the remainder when 6710 is divided by 3349.
12
Calculate the remainder when 298 is divided by 56.
18
What is the remainder when 89 is divided by 3?
2
What is the remainder when 59 is divided by 48?
11
What is the remainder when 494 is divided by 28?
18
Calculate the remainder when 4085 is divided by 8.
5
What is the remainder when 103 is divided by 41?
21
Calculate the remainder when 340 is divided by 30.
10
Calculate the remainder when 6681 is divided by 3339.
3
What is the remainder when 88 is divided by 4?
0
What is the remainder when 2413 is divided by 151?
148
Calculate the remainder when 926 is divided by 126.
44
Calculate the remainder when 289 is divided by 115.
59
What is the remainder when 23662 is divided by 116?
114
Calculate the remainder when 239 is divided by 47.
4
What is the remainder when 128 is divided by 40?
8
Calculate the remainder when 317 is divided by 47.
35
What is the remainder when 508 is divided by 16?
12
Calculate the remainder when 873 is divided by 125.
123
Calculate the remainder when 45 is divided by 32.
13
What is the remainder when 179 is divided by 47?
38
Calculate the remainder when 171 is divided by 35.
31
What is the remainder when 238 is divided by 75?
13
Calculate the remainder when 1368 is divided by 23.
11
What is the remainder when 213 is divided by 60?
33
Calculate the remainder when 1523 is divided by 7.
4
What is the remainder when 537 is divided by 55?
42
What is the remainder when 252 is divided by 38?
24
What is the remainder when 2725 is divided by 75?
25
What is the remainder when 436 is divided by 152?
132
What is the remainder when 218 is divided by 32?
26
Calculate the remainder when 4246 is divided by 118.
116
Calculate the remainder when 100 is divided by 43.
14
Calculate the remainder when 297 is divided by 38.
31
Calculate the remainder when 699 is divided by 35.
34
What is the remainder when 453 is divided by 93?
81
Calculate the remainder when 148 is divided by 77.
71
What is the remainder when 339 is divided by 7?
3
What is the remainder when 110 is divided by 32?
14
What is the remainder when 526 is divided by 53?
49
What is the remainder when 4243 is divided by 15?
13
Calculate the remainder when 1995 is divided by 980.
35
Calculate the remainder when 2961 is divided by 186.
171
What is the remainder when 7667 is divided by 13?
10
Calculate the remainder when 489 is divided by 10.
9
What is the remainder when 247 is divided by 85?
77
What is the remainder when 59 is divided by 6?
5
What is the remainder when 105 is divided by 27?
24
What is the remainder when 158 is divided by 80?
78
What is the remainder when 1609 is divided by 138?
91
What is the remainder when 290 is divided by 21?
17
Calculate the remainder when 967 is divided by 44.
43
Calculate the remainder when 1344 is divided by 56.
0
Calculate the remainder when 2183 is divided by 88.
71
What is the remainder when 290 is divided by 139?
12
What is the remainder when 509 is divided by 57?
53
Calculate the remainder when 411 is divided by 135.
6
Calculate the remainder when 520 is divided by 2.
0
Calculate the remainder when 19 is divided by 5.
4
What is the remainder when 413 is divided by 112?
77
What is the remainder when 78 is divided by 9?
6
What is the remainder when 1585 is divided by 23?
21
What is the remainder when 2341 is divided by 8?
5
What is the remainder when 1380 is divided by 459?
3
Calculate the remainder when 9568 is divided by 145.
143
What is the remainder when 3315 is divided by 333?
318
What is the remainder when 7259 is divided by 7245?
14
What is the remainder when 986 is divided by 99?
95
Calculate the remainder when 65 is divided by 10.
5
What is the remainder when 899 is divided by 100?
99
Calculate the remainder when 345 is divided by 88.
81
Calculate the remainder when 1959 is divided by 26.
9
Calculate the remainder when 41 is divided by 6.
5
What is the remainder when 1263 is divided by 115?
113
What is the remainder when 739 is divided by 53?
50
Calculate the remainder when 118 is divided by 30.
28
What is the remainder when 887 is divided by 27?
23
Calculate the remainder when 392 is divided by 101.
89
What is the remainder when 66 is divided by 29?
8
Calculate the remainder when 333 is divided by 36.
9
What is the remainder when 279 is divided by 55?
4
Calculate the remainder when 5105 is divided by 428.
397
What is the remainder when 7977 is divided by 108?
93
Calculate the remainder when 2739 is divided by 895.
54
Calculate the remainder when 147 is divided by 122.
25
Calculate the remainder when 530 is divided by 181.
168
What is the remainder when 1188 is divided by 85?
83
What is the remainder when 133 is divided by 35?
28
Calculate the remainder when 226 is divided by 137.
89
What is the remainder when 941 is divided by 34?
23
Calculate the remainder when 1954 is divided by 972.
10
What is the remainder when 441 is divided by 37?
34
Calculate the remainder when 43 is divided by 29.
14
Calculate the remainder when 457 is divided by 51.
49
Calculate the remainder when 96 is divided by